 7 = 3*g - 11. Suppose 2*b + 3*v - 7 = 0, b - v - 2 = g*b. What is m(b)?
-3
Let n(c) = -c**3 - 5*c**2 + 2*c + 6. Suppose -t - 1 = 0, -t = -2*b - 16 - 7. Let q = -17 + 24. Let o = q + b. Determine n(o).
-4
Let q(x) = -1 - 7*x**2 + 1 + 4*x + 3 + 9*x**2. Suppose 8 - 2 = -3*g. What is q(g)?
3
Suppose 3*m - 4 = m. Suppose 0 = -0*u + m*u - 10. Let q(h) = 5 + h**3 + 3*h + 4*h**2 - u*h**2 - 5*h**2. Determine q(5).
-5
Let a(z) = 3*z**3 + 6*z**2 - 7*z. Let r(j) = 4*j**3 + 6*j**2 - 6*j. Let b(l) = -3*a(l) + 2*r(l). Determine b(-7).
-14
Let l(k) = 0 - 25*k**2 + 21*k**2 - 4*k + k**3 + 3. Calculate l(5).
8
Let m(a) = a**2 + 6*a + 3. Let g = 1 + 1. Let c = g - 7. Calculate m(c).
-2
Let h(m) = 4*m + 4*m**2 + 0*m**3 + 3 + 2*m**3 + m - 3*m**3. Let j be h(5). Let w(t) = 7 - 2*t**2 - 1 - 4 + j*t. Give w(3).
-7
Let t(u) be the second derivative of -2*u + 1/2*u**4 + 1/6*u**3 + 1/2*u**2 + 0. What is t(-1)?
6
Let t(x) = x**3 - 3*x**2 - 3. Let s(v) = 3*v - 27. Let o be s(10). Give t(o).
-3
Let h be (4/(-6))/(7/(-21)). Suppose 0 = -3*j + 3. Let o(i) = -i**2 - 4 - h*i - j + 2*i - 4*i. What is o(-4)?
-5
Let h(w) = -w**2 + w + 7. Suppose 0 = -r + 8 - 0. Let x = -5 + r. Let n be x/9 + (-2)/6. What is h(n)?
7
Let d = 8 + -3. Let o(w) = -w**3 + 5*w**2 + 2*w - 4. Calculate o(d).
6
Let q(u) = u**2 + 6*u - 1. Suppose 5*d - 15 - 10 = 0. Suppose -5*f - 45 = d*w, 0 = 2*f - 3*w - 0*w - 2. What is q(f)?
-6
Let l(g) = 2*g**3 + 4 + g**3 + 5*g - 3*g**2 - g**3 - 3*g**3. Suppose 2 = 3*c + 14. Determine l(c).
0
Suppose 0 = -l - 0*l - 5. Let q(x) = x**3 + 5*x**2 - 2*x - 6. Give q(l).
4
Let t = 7 + -4. Suppose -t - 15 = 3*w. Let a(p) = -p**2 - 8*p - 6. Give a(w).
6
Let t(c) = -2*c**2 + 4*c - 1. Suppose -8 = 4*m, -d + 2*d - 1 = 3*m. Let i = d + 8. Determine t(i).
-7
Let d(o) = -o**3 - 3*o**2 + 2. Let b be d(-3). Suppose -u + 1 = -4*y, 0 = 4*y - 4. Let p(x) = 7*x**b - u*x**3 - 1 - 2*x**2 + 4*x**3 - 4*x. Determine p(3).
5
Let c(t) = -3*t**3 + t**2 + 8*t - 5. Let a(v) = v**3 + v**2 - v + 1. Let j = -1 - -5. Let y(m) = j*a(m) + c(m). Determine y(-4).
-1
Let z(k) = k**2. Suppose -4*w + 9 = -5*f, 2*w - 6 = f + 3*f. Let b be z(f). Let l(i) = -i - 3*i**2 + 4*i - 3*i. Calculate l(b).
-3
Let m = 13 - 5. Suppose -3*p = 4*o - 25, -2*o + 3*o + m = 4*p. Let v(c) = 0 + 7 + c + 5*c - p*c**2 + 4*c**2. Calculate v(-5).
2
Let g(b) = -5*b + 31 + 36 - 68. What is g(-1)?
4
Let n be (-2*(-1)/(-2))/(2/(-2)). Let j(u) = -2*u**2 + 1. Give j(n).
-1
Let y(c) = 3*c**2 + 9*c - 2. Let u(t) = 2*t**2 - 6*t + 5. Let o be u(3). Let v(s) = 4*s**2 + 10*s - 2. Let d(p) = o*y(p) - 4*v(p). Calculate d(3).
4
Suppose 5*f - 3 = -2*o + 13, 3*f - 18 = -4*o. Suppose -f*k + 7*k - 20 = 0. Let j(y) = k*y + 0*y + 2 - 3*y. What is j(-6)?
-4
Let p(d) = 7*d**2 - d + d - 2*d + d**3 - 6. Suppose 0 = -3*u + 102 - 123. Give p(u).
8
Let g = -4 + 6. Let k(x) = -3*x**3 - 4*x**2 - 5 - g*x**3 + 4*x**3. Give k(-4).
-5
Let z(l) = 8*l**2 - 8*l - 3. Let x(b) = 3*b**2 - 3*b - 1. Let u(q) = 11*x(q) - 4*z(q). What is u(1)?
1
Let p(x) = x + 1. Let c(m) = 3*m + 5. Let r(u) = c(u) - 5*p(u). Suppose 0 = -10*l + 5*l. Suppose l = q - 2*q - 3. Determine r(q).
6
Let m(w) = -13*w**2 + w. Let g(y) = -1 - 2*y**2 + 6*y**2 + y**3 + 0*y**2 + 2. Let r be g(-4). What is m(r)?
-12
Let b(v) = 8*v + 3 + 3*v - v**3 - 8*v**2 - 3*v + 1. Give b(-9).
13
Let h(y) = -y. Let k(j) = -3*j**3 - 2*j - 1. Let r be k(-1). Suppose -4*d = 4 - 8. Suppose -2*z - d = r*a + 13, z - 4*a = 5. Give h(z).
3
Let j(t) be the first derivative of t**4/4 + t**2/2 - 5. Let q be 0 + 0*2/(-4). What is j(q)?
0
Let p(c) = 2*c + 3. Let d be p(-1). Let g(i) = 6*i**3 + i**2 + i - 1. Give g(d).
7
Let a(x) = -6*x**2 + 14*x + 61. Let v(j) = j**2 - 3*j - 12. Let o(d) = 2*a(d) + 11*v(d). Give o(-7).
-24
Let m(f) be the third derivative of -f**7/2520 + f**6/240 + f**5/60 - f**4/6 - f**2. Let q(o) be the second derivative of m(o). Give q(3).
2
Let q(i) = i**3 - 7*i**2 - i + 2. Suppose -19 - 9 = -4*h. Determine q(h).
-5
Suppose 5*g - 6 = 14. Suppose 4*a = -g*u - 12, -12 = u - 2*a - 0*a. Let j(z) = z**3 + 7*z**2 + 5*z - 4. Determine j(u).
2
Let m(j) = -j - 2. Let n be m(-3). Let i(w) = 0*w + n + 1 + 2*w - 1. Give i(1).
3
Let x(z) = 6*z**2 - z. Let u be (-4)/(-3)*(-21)/14. Let w be 5/10*(-4)/u. Calculate x(w).
5
Suppose 5*x - t - 14 = 0, -3*x + 14 = -t + 4. Let i(a) = a**2 - 3*a + 1. Calculate i(x).
-1
Let x(r) = 202 - 99 - r - 102. Determine x(2).
-1
Let h be (-323)/(-68) + 5/4. Suppose -4*z - 1 = -37. Let x(q) = 0*q + q + 2*q - z. Give x(h).
9
Let p be (12 + -11)/(2/6). Let f(a) = a**p + 6*a**2 + 5 + 4*a - 1 - a. What is f(-5)?
14
Let n be (2/(-1))/2 + 27. Suppose -n = -i - 5*y, -4*i + 0*y + 2*y - 6 = 0. Let u(r) be the second derivative of 3*r**5/20 + r**2/2 - 33*r. Determine u(i).
4
Let z be (-4)/(-6) + 2/(-3). Let b(j) = -j - j + j + z*j. Give b(-2).
2
Let f be ((-18)/8 - 0)/((-6)/(-16)). Let h(b) = b + 6. What is h(f)?
0
Let o(z) = z**2 - 7*z + 6. Suppose 0 = 5*n - 2*j - 81, 2*j - 36 = -3*n - j. Suppose -2*r - r = -15. Suppose 2*a + r - n = 0. What is o(a)?
-4
Let n be (6/(-9))/(-2 + (-96)/(-45)). Let i(c) = -2*c**2 - 5*c + 6. Determine i(n).
-19
Let y(j) = 2208*j + 2 - 3 - 2203*j. Give y(-2).
-11
Let v be (18/4)/((-3)/(-4)). Suppose v*w - 15 = w. Let z(c) = -c + 4. Give z(w).
1
Let z be 38/14 - 2/(-7). Let b(i) = -i**3 - 8*i**2 - 8*i - 6. Let w be b(-7). Let v(l) = -l + w + 3 + l**2 - 4*l. Give v(z).
-2
Let s = -20 + 20. Let m = -3 + 6. Let p(c) = -8 - m*c + 4*c**2 - c**3 - 4*c**2 + 2*c. What is p(s)?
-8
Suppose -5*n + 31 = 3*s, 3*n = -s - 0*s + 17. Suppose 10*l = n*l. Let d(k) = k. Give d(l).
0
Let d be 3/(-2)*12/(11 - 5). Let o(u) = u**2 - 1. What is o(d)?
8
Let r(q) be the second derivative of -q**4/12 - q**3/6 - 2*q**2 + 67*q. Suppose -1 = -i - 4. Calculate r(i).
-10
Let q(y) be the first derivative of -y**4/4 - 5*y**3/3 - 3*y**2 - 5*y + 37. Give q(-4).
3
Let x = 20 + -16. Let r(z) be the second derivative of 1/3*z**x + 2*z - 1/20*z**5 + 3*z**2 + 1/2*z**3 + 0. Give r(5).
-4
Suppose -4*u = -2*h - 3 - 17, u = 3. Let b(r) = -2*r - 6. What is b(h)?
2
Let c(w) = -7*w - 5. Let d(s) = 7 + 15*s + 1 + 3. Let r(t) = -13*c(t) - 6*d(t). Calculate r(3).
2
Let f be (-2 - 0)/(2/(-4)). Let s(q) be the second derivative of q**5/20 - q**4/3 - q. Determine s(f).
0
Suppose 2*b + 7 + 3 = 0. Let x(c) be the second derivative of c**5/20 + 5*c**4/12 + 5*c**2/2 - 63*c. Give x(b).
5
Let c(i) = -3*i**3 + i + 10*i**3 - 8*i**3 - 18 - 5*i**2 + 6*i**2. Calculate c(0).
-18
Suppose 2*h + 4*u + 1 = -25, -u - 20 = 5*h. Let w(j) = 6*j**2 - 4*j + 3. Let v(d) = -d**2 + d. Let s = -11 - -10. Let i(n) = s*w(n) - 5*v(n). Give i(h).
-9
Let q(o) = -3*o**2 - 7*o + 3. Let k(a) = 2*a**2 + 4*a - 2. Let u(m) = 5*k(m) + 3*q(m). Calculate u(-2).
5
Let r be (4 + -6)*(-6)/4. Let l be 4/(-2) - 6/r. Let p(m) = m**2 + m - 5. Calculate p(l).
7
Let k(g) = g**2 + 4. Let n be (-6)/(-9)*-6*(-15)/20. What is k(n)?
13
Let q = -3 - -7. Suppose q*r - 3*s = -0*r + 6, -3*r + 3*s = -3. Let b(t) = -t**3 + 2*t**2 + t - 3. Determine b(r).
-9
Let l(v) = -2*v + 4*v + v. What is l(1)?
3
Let p(v) = -3*v**2 + 3*v + 1. Let m(y) = -7*y**2 + 7*y + 3. Let c(z) = -2*m(z) + 5*p(z). Suppose -2*k + 2 = h, -h - 3 = -3*k - 0*k. What is c(h)?
-1
Suppose k + 2*k = 5*t + 7, -3*k = -3*t - 3. Let f be 6/(-3) - (-11 - k). Let r(n) = n**2 - 8*n + 5. Let o be r(f). Let c(j) = -j**2 + 4*j + 1. Calculate c(o).
-4
Let y(z) be the third derivative of z**4/24 - z**3/6 - 5*z**2. Suppose -4*a - 3*i = -11, 3*a + 2*i - 7 = 1. Determine y(a).
1
Let p = 10 + -7. Let d(o) = -o**2 - p + 2 - 2 + 5*o + 2. Let m(k) = -k**3 + 4*k**2 - 2*k + 1. Let c be m(3). Give d(c).
3
Let g(u) be the third derivative of -u**4/8 - 5*u**3/6 + 9*u**2. Determine g(-4).
7
Let o = -107 + 102. Let l(x) = x**3 + 4*x**2 - 7*x. What is l(o)?
10
Suppose -5*l - 3*j = -0*j - 16, 3*j = 2*l + 2. Let p(a) = 5*a - 3. Give p(l).
7
Let v(z) be the third derivative of -z**6/60 + z**5/120 + z**3/6 + 4*z**2. Let r(g) be the first derivative of v(g). Give r(-1).
-7
Let g(u) = -u. Let q(v) = -v**3 - 4*v**2 + 2*v + 5. Let f be ((-8)/(-20))/((-2)/(-20)). Let p(a) = f*g(a) - q(a). Calculate p(-5).
0
Suppose 0 = 2*h - 20 - 20. Let k be 9/6*h/(-6). Let p(r) = -r**2 - 4*r + 3. What is p(k)?
-2
Let y be (-2)/(-6) + 72/(-54). Let c(l) = 10*l**2 - l. Give c(y).
